{"id":24452,"date":"2022-03-30T10:47:56","date_gmt":"2022-03-30T10:47:56","guid":{"rendered":"https:\/\/lagerberg.mijntestbak.nl\/particulier\/"},"modified":"2022-04-01T07:15:25","modified_gmt":"2022-04-01T07:15:25","slug":"particulier","status":"publish","type":"page","link":"https:\/\/lagerberg.nl\/fr\/particulier\/","title":{"rendered":"Particulier"},"content":{"rendered":"<section class=\"l-section wpb_row height_large\"><div class=\"l-section-h i-cf\"><div class=\"g-cols vc_row via_flex valign_top type_default stacking_default\"><div class=\"vc_col-sm-8 wpb_column vc_column_container\"><div class=\"vc_column-inner\"><div class=\"wpb_wrapper\"><div class=\"wpb_text_column\"><div class=\"wpb_wrapper\"><h2>Votre d\u00e9m\u00e9nagement entre de bonnes mains<\/h2>\n<p>Depuis 50 ans et quotidiennement nous nous engageons en tant qu&rsquo;\u00e9quipe \u00e0 vous d\u00e9m\u00e9nager sereinement et efficacement. Notre r\u00e9putation n\u2019est plus \u00e0 faire et est appr\u00e9ci\u00e9e par beaucoup de nos clients. En tant que d\u00e9m\u00e9nageur reconnu (Erkende Verhuizer), vous pouvez compter sur nous pour pr\u00e9parer et r\u00e9aliser avec soin votre d\u00e9m\u00e9nagement.<\/p>\n<p>Lagerberg Verhuisgroep a une \u00e9quipe de d\u00e9m\u00e9nageurs motiv\u00e9s et qualif\u00e9s qui pour la plupart d\u2019entre eux y travaillent depuis de nombreuses ann\u00e9es. Ainsi nous mettons en place les meilleures solutions et garantissons la qualit\u00e9 de votre d\u00e9m\u00e9nagement.<\/p>\n<p>Lagerberg Verhuisgroep est actif \u00e0 Wassenaar, Leiden, La Haye, Oogstgeest, Noordwijk et bien au del\u00e0. Nous organisons des d\u00e9m\u00e9nagements avec notre propre personnel dans toute l\u2019Europe. Pour un d\u00e9m\u00e9nagement en dehors de l\u2019Europe nous faisons appel \u00e0 notre r\u00e9seau d\u2019agents.<\/p>\n<p>Nos services pour les particuliers peuvent \u00eatre divis\u00e9s en :<\/p>\n<ul>\n<li><a href=\"https:\/\/lagerberg.nl\/fr\/particulier\/demenagement-particulier\/\">D\u00e9m\u00e9nagement particulier<\/a><\/li>\n<li><a href=\"https:\/\/lagerberg.nl\/fr\/particulier\/demenagement-international\/\">D\u00e9m\u00e9nagement international<\/a><\/li>\n<li><a href=\"https:\/\/lagerberg.nl\/fr\/particulier\/mission-speciale\/\">Missions sp\u00e9ciales<\/a><\/li>\n<li><a href=\"https:\/\/lagerberg.nl\/fr\/particulier\/demenagement-en-milieu-hospitalier-et-ehpad\/\">D\u00e9m\u00e9nagement en milieu hospitalier ou Ehpad<\/a><\/li>\n<\/ul>\n<\/div><\/div><div class=\"w-separator size_small\"><\/div><div class=\"w-btn-wrapper align_none\"><a class=\"w-btn us-btn-style_3\" title=\"Devis\" href=\"https:\/\/lagerberg.nl\/fr\/devis\/\"><span class=\"w-btn-label\">Demande de devis<\/span><\/a><\/div><\/div><\/div><\/div><div class=\"vc_col-sm-4 wpb_column vc_column_container\"><div class=\"vc_column-inner\"><div class=\"wpb_wrapper\"><div class=\"w-image align_none\"><a target=\" _blank\" rel=\"nofollow\" href=\"https:\/\/www.klantenvertellen.nl\/reviews\/1034356\/lagerberg_verhuisgroep\" aria-label=\"klanten-vertellen-over-lagerberg-verhuisgroep-zwart-96\" class=\"w-image-h\"><img decoding=\"async\" width=\"400\" height=\"400\" src=\"https:\/\/lagerberg.nl\/wp-content\/uploads\/2022\/01\/klanten-vertellen-over-lagerberg-verhuisgroep-zwart-96.png\" class=\"attachment-large size-large\" alt=\"\" loading=\"lazy\" srcset=\"https:\/\/lagerberg.nl\/wp-content\/uploads\/2022\/01\/klanten-vertellen-over-lagerberg-verhuisgroep-zwart-96.png 400w, https:\/\/lagerberg.nl\/wp-content\/uploads\/2022\/01\/klanten-vertellen-over-lagerberg-verhuisgroep-zwart-96-300x300.png 300w, https:\/\/lagerberg.nl\/wp-content\/uploads\/2022\/01\/klanten-vertellen-over-lagerberg-verhuisgroep-zwart-96-150x150.png 150w\" sizes=\"auto, (max-width: 400px) 100vw, 400px\" \/><\/a><\/div><\/div><\/div><\/div><\/div><\/div><\/section><section class=\"l-section wpb_row height_small\"><div class=\"l-section-overlay\" style=\"background:#f0f8ff\"><\/div><div class=\"l-section-h i-cf\"><div class=\"g-cols vc_row via_flex valign_middle type_default stacking_default\"><div class=\"vc_col-sm-4 wpb_column vc_column_container\"><div class=\"vc_column-inner\"><div class=\"wpb_wrapper\"><h3 class=\"w-text\"><a title=\"Contact\" href=\"https:\/\/lagerberg.nl\/fr\/contact\/\" class=\"w-text-h\"><span class=\"w-text-value\">Pour un d\u00e9m\u00e9nagement sur mesure<\/span><\/a><\/h3><\/div><\/div><\/div><div class=\"vc_col-sm-4 wpb_column vc_column_container\"><div class=\"vc_column-inner\"><div class=\"wpb_wrapper\"><div class=\"w-btn-wrapper align_none\"><a class=\"w-btn us-btn-style_3\" title=\"Devis\" href=\"https:\/\/lagerberg.nl\/fr\/devis\/\"><span class=\"w-btn-label\">Demande de devis<\/span><\/a><\/div><\/div><\/div><\/div><div class=\"vc_col-sm-4 wpb_column vc_column_container\"><div class=\"vc_column-inner\"><div class=\"wpb_wrapper\"><div class=\"w-image align_none\"><div class=\"w-image-h\"><img decoding=\"async\" width=\"300\" height=\"157\" src=\"https:\/\/lagerberg.nl\/wp-content\/uploads\/2020\/07\/lagerberg-logo-erkende-verhuizers.png\" class=\"attachment-full size-full\" alt=\"logo erkende verhuizers\" loading=\"lazy\" \/><\/div><\/div><\/div><\/div><\/div><\/div><\/div><\/section><section class=\"l-section wpb_row us_custom_38ec8cf5 height_small\"><div class=\"l-section-h i-cf\"><div class=\"g-cols vc_row via_flex valign_top type_default stacking_default\"><div class=\"vc_col-sm-3 wpb_column vc_column_container\"><div class=\"vc_column-inner\"><div class=\"wpb_wrapper\"><div class=\"w-btn-wrapper align_none\"><a class=\"w-btn us-btn-style_1\" title=\"D\u00e9m\u00e9nagement particulier\" href=\"https:\/\/lagerberg.nl\/fr\/particulier\/demenagement-particulier\/\"><span class=\"w-btn-label\">D\u00e9m\u00e9nagement particulier<\/span><\/a><\/div><div class=\"w-separator size_small\"><\/div><div class=\"w-image align_none\"><a title=\"D\u00e9m\u00e9nagement particulier\" href=\"https:\/\/lagerberg.nl\/fr\/particulier\/demenagement-particulier\/\" aria-label=\"Particulier-d\u00e9m\u00e9nagement-lagerberg-verhuisgroep\" class=\"w-image-h\"><img decoding=\"async\" width=\"1024\" height=\"768\" src=\"https:\/\/lagerberg.nl\/wp-content\/uploads\/2021\/12\/Particuliere-verhuizing-lagerberg-verhuisgroep.jpg\" class=\"attachment-large size-large\" alt=\"d\u00e9m\u00e9nagement de particulier dans la r\u00e9gion de Leiden, Den Haag, Noordwijk, Katwijk et au-del\u00e0\" loading=\"lazy\" srcset=\"https:\/\/lagerberg.nl\/wp-content\/uploads\/2021\/12\/Particuliere-verhuizing-lagerberg-verhuisgroep.jpg 1024w, https:\/\/lagerberg.nl\/wp-content\/uploads\/2021\/12\/Particuliere-verhuizing-lagerberg-verhuisgroep-300x225.jpg 300w\" sizes=\"auto, (max-width: 1024px) 100vw, 1024px\" \/><\/a><\/div><\/div><\/div><\/div><div class=\"vc_col-sm-3 wpb_column vc_column_container\"><div class=\"vc_column-inner\"><div class=\"wpb_wrapper\"><div class=\"w-btn-wrapper align_none\"><a class=\"w-btn us-btn-style_1\" title=\"D\u00e9m\u00e9nagement international\" href=\"https:\/\/lagerberg.nl\/fr\/particulier\/demenagement-international\/\"><span class=\"w-btn-label\">International<\/span><\/a><\/div><div class=\"w-separator size_small\"><\/div><div class=\"w-image align_none\"><div class=\"w-image-h\"><img decoding=\"async\" width=\"1024\" height=\"768\" src=\"https:\/\/lagerberg.nl\/wp-content\/uploads\/2022\/01\/Internationale-verhuizing-particulier-lagerberg-verhuisgroep.jpg\" class=\"attachment-large size-large\" alt=\"d\u00e9m\u00e9nagement international particulier\" loading=\"lazy\" srcset=\"https:\/\/lagerberg.nl\/wp-content\/uploads\/2022\/01\/Internationale-verhuizing-particulier-lagerberg-verhuisgroep.jpg 1024w, https:\/\/lagerberg.nl\/wp-content\/uploads\/2022\/01\/Internationale-verhuizing-particulier-lagerberg-verhuisgroep-300x225.jpg 300w\" sizes=\"auto, (max-width: 1024px) 100vw, 1024px\" \/><\/div><\/div><\/div><\/div><\/div><div class=\"vc_col-sm-3 wpb_column vc_column_container\"><div class=\"vc_column-inner\"><div class=\"wpb_wrapper\"><div class=\"w-btn-wrapper align_none\"><a class=\"w-btn us-btn-style_1\" title=\"Mission sp\u00e9ciale\" href=\"https:\/\/lagerberg.nl\/fr\/particulier\/mission-speciale\/\"><span class=\"w-btn-label\">Missions sp\u00e9ciales<\/span><\/a><\/div><div class=\"w-separator size_small\"><\/div><div class=\"w-image align_none\"><div class=\"w-image-h\"><img decoding=\"async\" width=\"1024\" height=\"768\" src=\"https:\/\/lagerberg.nl\/wp-content\/uploads\/2022\/01\/Speciale-verhuisopdracht-oldtimer-lagerberg-verhuisgroep.jpg\" class=\"attachment-large size-large\" alt=\"mission sp\u00e9ciale voiture de collection\" loading=\"lazy\" srcset=\"https:\/\/lagerberg.nl\/wp-content\/uploads\/2022\/01\/Speciale-verhuisopdracht-oldtimer-lagerberg-verhuisgroep.jpg 1024w, https:\/\/lagerberg.nl\/wp-content\/uploads\/2022\/01\/Speciale-verhuisopdracht-oldtimer-lagerberg-verhuisgroep-300x225.jpg 300w\" sizes=\"auto, (max-width: 1024px) 100vw, 1024px\" \/><\/div><\/div><\/div><\/div><\/div><div class=\"vc_col-sm-3 wpb_column vc_column_container\"><div class=\"vc_column-inner\"><div class=\"wpb_wrapper\"><div class=\"w-btn-wrapper align_none\"><a class=\"w-btn us-btn-style_1\" title=\"D\u00e9m\u00e9nagement en milieu hospitalier ou Ehpad\" href=\"https:\/\/lagerberg.nl\/fr\/particulier\/demenagement-en-milieu-hospitalier-et-ehpad\/\"><span class=\"w-btn-label\">D\u00e9m\u00e9nagement en milieu hospitalier ou Ehpad<\/span><\/a><\/div><div class=\"w-separator size_small\"><\/div><div class=\"w-image align_none\"><div class=\"w-image-h\"><img decoding=\"async\" width=\"1024\" height=\"769\" src=\"https:\/\/lagerberg.nl\/wp-content\/uploads\/2022\/01\/Particuliere-zorgverhuizing-lagerberg-wassenaar.jpg\" class=\"attachment-large size-large\" alt=\"d\u00e9m\u00e9nagement milieu hospitalier et ehpad\" loading=\"lazy\" srcset=\"https:\/\/lagerberg.nl\/wp-content\/uploads\/2022\/01\/Particuliere-zorgverhuizing-lagerberg-wassenaar.jpg 1024w, https:\/\/lagerberg.nl\/wp-content\/uploads\/2022\/01\/Particuliere-zorgverhuizing-lagerberg-wassenaar-300x225.jpg 300w\" sizes=\"auto, (max-width: 1024px) 100vw, 1024px\" \/><\/div><\/div><\/div><\/div><\/div><\/div><\/div><\/section>\n","protected":false},"excerpt":{"rendered":"Votre d\u00e9m\u00e9nagement entre de bonnes mains Depuis 50 ans et quotidiennement nous nous engageons en tant qu&rsquo;\u00e9quipe \u00e0 vous d\u00e9m\u00e9nager sereinement et efficacement. Notre r\u00e9putation n\u2019est plus \u00e0 faire et est appr\u00e9ci\u00e9e par beaucoup de nos clients. En tant que d\u00e9m\u00e9nageur reconnu (Erkende Verhuizer), vous pouvez compter sur nous pour pr\u00e9parer et r\u00e9aliser avec soin...","protected":false},"author":2,"featured_media":0,"parent":0,"menu_order":0,"comment_status":"closed","ping_status":"closed","template":"","meta":{"footnotes":""},"class_list":["post-24452","page","type-page","status-publish","hentry"],"_links":{"self":[{"href":"https:\/\/lagerberg.nl\/fr\/wp-json\/wp\/v2\/pages\/24452","targetHints":{"allow":["GET"]}}],"collection":[{"href":"https:\/\/lagerberg.nl\/fr\/wp-json\/wp\/v2\/pages"}],"about":[{"href":"https:\/\/lagerberg.nl\/fr\/wp-json\/wp\/v2\/types\/page"}],"author":[{"embeddable":true,"href":"https:\/\/lagerberg.nl\/fr\/wp-json\/wp\/v2\/users\/2"}],"replies":[{"embeddable":true,"href":"https:\/\/lagerberg.nl\/fr\/wp-json\/wp\/v2\/comments?post=24452"}],"version-history":[{"count":24,"href":"https:\/\/lagerberg.nl\/fr\/wp-json\/wp\/v2\/pages\/24452\/revisions"}],"predecessor-version":[{"id":24574,"href":"https:\/\/lagerberg.nl\/fr\/wp-json\/wp\/v2\/pages\/24452\/revisions\/24574"}],"wp:attachment":[{"href":"https:\/\/lagerberg.nl\/fr\/wp-json\/wp\/v2\/media?parent=24452"}],"curies":[{"name":"wp","href":"https:\/\/api.w.org\/{rel}","templated":true}]}}

<section class="l-section wpb_row height_large"><div class="l-section-h i-cf"><div class="g-cols vc_row via_flex valign_top type_default stacking_default"><div class="vc_col-sm-8 wpb_column vc_column_container"><div class="vc_column-inner"><div class="wpb_wrapper"><div class="wpb_text_column"><div class="wpb_wrapper"><h2>Votre déménagement entre de bonnes mains</h2>
<p>Depuis 50 ans et quotidiennement nous nous engageons en tant qu&rsquo;équipe à vous déménager sereinement et efficacement. Notre réputation n’est plus à faire et est appréciée par beaucoup de nos clients. En tant que déménageur reconnu (Erkende Verhuizer), vous pouvez compter sur nous pour préparer et réaliser avec soin votre déménagement.</p>
<p>Lagerberg Verhuisgroep a une équipe de déménageurs motivés et qualifés qui pour la plupart d’entre eux y travaillent depuis de nombreuses années. Ainsi nous mettons en place les meilleures solutions et garantissons la qualité de votre déménagement.</p>
<p>Lagerberg Verhuisgroep est actif à Wassenaar, Leiden, La Haye, Oogstgeest, Noordwijk et bien au delà. Nous organisons des déménagements avec notre propre personnel dans toute l’Europe. Pour un déménagement en dehors de l’Europe nous faisons appel à notre réseau d’agents.</p>
<p>Nos services pour les particuliers peuvent être divisés en :</p>
<ul>
<li><a href="https://lagerberg.nl/fr/particulier/demenagement-particulier/">Déménagement particulier</a></li>
<li><a href="https://lagerberg.nl/fr/particulier/demenagement-international/">Déménagement international</a></li>
<li><a href="https://lagerberg.nl/fr/particulier/mission-speciale/">Missions spéciales</a></li>
<li><a href="https://lagerberg.nl/fr/particulier/demenagement-en-milieu-hospitalier-et-ehpad/">Déménagement en milieu hospitalier ou Ehpad</a></li>
</ul>
</div></div><div class="w-separator size_small"></div><div class="w-btn-wrapper align_none"><a class="w-btn us-btn-style_3" title="Devis" href="https://lagerberg.nl/fr/devis/"><span class="w-btn-label">Demande de devis</span></a></div></div></div></div><div class="vc_col-sm-4 wpb_column vc_column_container"><div class="vc_column-inner"><div class="wpb_wrapper"><div class="w-image align_none"><a target=" _blank" rel="nofollow" href="https://www.klantenvertellen.nl/reviews/1034356/lagerberg_verhuisgroep" aria-label="klanten-vertellen-over-lagerberg-verhuisgroep-zwart-96" class="w-image-h"><img decoding="async" width="400" height="400" src="https://lagerberg.nl/wp-content/uploads/2022/01/klanten-vertellen-over-lagerberg-verhuisgroep-zwart-96.png" class="attachment-large size-large" alt="" loading="lazy" srcset="https://lagerberg.nl/wp-content/uploads/2022/01/klanten-vertellen-over-lagerberg-verhuisgroep-zwart-96.png 400w, https://lagerberg.nl/wp-content/uploads/2022/01/klanten-vertellen-over-lagerberg-verhuisgroep-zwart-96-300x300.png 300w, https://lagerberg.nl/wp-content/uploads/2022/01/klanten-vertellen-over-lagerberg-verhuisgroep-zwart-96-150x150.png 150w" sizes="auto, (max-width: 400px) 100vw, 400px" /></a></div></div></div></div></div></div></section><section class="l-section wpb_row height_small"><div class="l-section-overlay" style="background:#f0f8ff"></div><div class="l-section-h i-cf"><div class="g-cols vc_row via_flex valign_middle type_default stacking_default"><div class="vc_col-sm-4 wpb_column vc_column_container"><div class="vc_column-inner"><div class="wpb_wrapper"><h3 class="w-text"><a title="Contact" href="https://lagerberg.nl/fr/contact/" class="w-text-h"><span class="w-text-value">Pour un déménagement sur mesure</span></a></h3></div></div></div><div class="vc_col-sm-4 wpb_column vc_column_container"><div class="vc_column-inner"><div class="wpb_wrapper"><div class="w-btn-wrapper align_none"><a class="w-btn us-btn-style_3" title="Devis" href="https://lagerberg.nl/fr/devis/"><span class="w-btn-label">Demande de devis</span></a></div></div></div></div><div class="vc_col-sm-4 wpb_column vc_column_container"><div class="vc_column-inner"><div class="wpb_wrapper"><div class="w-image align_none"><div class="w-image-h"><img decoding="async" width="300" height="157" src="https://lagerberg.nl/wp-content/uploads/2020/07/lagerberg-logo-erkende-verhuizers.png" class="attachment-full size-full" alt="logo erkende verhuizers" loading="lazy" /></div></div></div></div></div></div></div></section><section class="l-section wpb_row us_custom_38ec8cf5 height_small"><div class="l-section-h i-cf"><div class="g-cols vc_row via_flex valign_top type_default stacking_default"><div class="vc_col-sm-3 wpb_column vc_column_container"><div class="vc_column-inner"><div class="wpb_wrapper"><div class="w-btn-wrapper align_none"><a class="w-btn us-btn-style_1" title="Déménagement particulier" href="https://lagerberg.nl/fr/particulier/demenagement-particulier/"><span class="w-btn-label">Déménagement particulier</span></a></div><div class="w-separator size_small"></div><div class="w-image align_none"><a title="Déménagement particulier" href="https://lagerberg.nl/fr/particulier/demenagement-particulier/" aria-label="Particulier-déménagement-lagerberg-verhuisgroep" class="w-image-h"><img decoding="async" width="1024" height="768" src="https://lagerberg.nl/wp-content/uploads/2021/12/Particuliere-verhuizing-lagerberg-verhuisgroep.jpg" class="attachment-large size-large" alt="déménagement de particulier dans la région de Leiden, Den Haag, Noordwijk, Katwijk et au-delà" loading="lazy" srcset="https://lagerberg.nl/wp-content/uploads/2021/12/Particuliere-verhuizing-lagerberg-verhuisgroep.jpg 1024w, https://lagerberg.nl/wp-content/uploads/2021/12/Particuliere-verhuizing-lagerberg-verhuisgroep-300x225.jpg 300w" sizes="auto, (max-width: 1024px) 100vw, 1024px" /></a></div></div></div></div><div class="vc_col-sm-3 wpb_column vc_column_container"><div class="vc_column-inner"><div class="wpb_wrapper"><div class="w-btn-wrapper align_none"><a class="w-btn us-btn-style_1" title="Déménagement international" href="https://lagerberg.nl/fr/particulier/demenagement-international/"><span class="w-btn-label">International</span></a></div><div class="w-separator size_small"></div><div class="w-image align_none"><div class="w-image-h"><img decoding="async" width="1024" height="768" src="https://lagerberg.nl/wp-content/uploads/2022/01/Internationale-verhuizing-particulier-lagerberg-verhuisgroep.jpg" class="attachment-large size-large" alt="déménagement international particulier" loading="lazy" srcset="https://lagerberg.nl/wp-content/uploads/2022/01/Internationale-verhuizing-particulier-lagerberg-verhuisgroep.jpg 1024w, https://lagerberg.nl/wp-content/uploads/2022/01/Internationale-verhuizing-particulier-lagerberg-verhuisgroep-300x225.jpg 300w" sizes="auto, (max-width: 1024px) 100vw, 1024px" /></div></div></div></div></div><div class="vc_col-sm-3 wpb_column vc_column_container"><div class="vc_column-inner"><div class="wpb_wrapper"><div class="w-btn-wrapper align_none"><a class="w-btn us-btn-style_1" title="Mission spéciale" href="https://lagerberg.nl/fr/particulier/mission-speciale/"><span class="w-btn-label">Missions spéciales</span></a></div><div class="w-separator size_small"></div><div class="w-image align_none"><div class="w-image-h"><img decoding="async" width="1024" height="768" src="https://lagerberg.nl/wp-content/uploads/2022/01/Speciale-verhuisopdracht-oldtimer-lagerberg-verhuisgroep.jpg" class="attachment-large size-large" alt="mission spéciale voiture de collection" loading="lazy" srcset="https://lagerberg.nl/wp-content/uploads/2022/01/Speciale-verhuisopdracht-oldtimer-lagerberg-verhuisgroep.jpg 1024w, https://lagerberg.nl/wp-content/uploads/2022/01/Speciale-verhuisopdracht-oldtimer-lagerberg-verhuisgroep-300x225.jpg 300w" sizes="auto, (max-width: 1024px) 100vw, 1024px" /></div></div></div></div></div><div class="vc_col-sm-3 wpb_column vc_column_container"><div class="vc_column-inner"><div class="wpb_wrapper"><div class="w-btn-wrapper align_none"><a class="w-btn us-btn-style_1" title="Déménagement en milieu hospitalier ou Ehpad" href="https://lagerberg.nl/fr/particulier/demenagement-en-milieu-hospitalier-et-ehpad/"><span class="w-btn-label">Déménagement en milieu hospitalier ou Ehpad</span></a></div><div class="w-separator size_small"></div><div class="w-image align_none"><div class="w-image-h"><img decoding="async" width="1024" height="769" src="https://lagerberg.nl/wp-content/uploads/2022/01/Particuliere-zorgverhuizing-lagerberg-wassenaar.jpg" class="attachment-large size-large" alt="déménagement milieu hospitalier et ehpad" loading="lazy" srcset="https://lagerberg.nl/wp-content/uploads/2022/01/Particuliere-zorgverhuizing-lagerberg-wassenaar.jpg 1024w, https://lagerberg.nl/wp-content/uploads/2022/01/Particuliere-zorgverhuizing-lagerberg-wassenaar-300x225.jpg 300w" sizes="auto, (max-width: 1024px) 100vw, 1024px" /></div></div></div></div></div></div></div></section>

Votre déménagement entre de bonnes mains Depuis 50 ans et quotidiennement nous nous engageons en tant qu&rsquo;équipe à vous déménager sereinement et efficacement. Notre réputation n’est plus à faire et est appréciée par beaucoup de nos clients. En tant que déménageur reconnu (Erkende Verhuizer), vous pouvez compter sur nous pour préparer et réaliser avec soin...
